{"id":68,"date":"2012-12-10T13:15:26","date_gmt":"2012-12-10T12:15:26","guid":{"rendered":"http:\/\/kamar-cnc.pl\/?page_id=68"},"modified":"2013-01-07T07:36:22","modified_gmt":"2013-01-07T06:36:22","slug":"linuxcnc","status":"publish","type":"page","link":"http:\/\/kamar-cnc.pl\/?page_id=68","title":{"rendered":"LinuxCNC"},"content":{"rendered":"<p><a href=\"http:\/\/kamar-cnc.pl\/?page_id=964\" title=\"Programy i r\u00f3\u017cno\u015bci do LinuxCNC\">Programy i r\u00f3\u017cno\u015bci do LinuxCNC<\/a><\/p>\n<p><a href=\"http:\/\/kamar-cnc.pl\/?page_id=169\">Suby NGCGUI<\/a><\/p>\n<p>&nbsp;<\/p>\n","protected":false},"excerpt":{"rendered":"<p>Programy i r\u00f3\u017cno\u015bci do LinuxCNC Suby NGCGUI &nbsp;<\/p>\n","protected":false},"author":2,"featured_media":0,"parent":0,"menu_order":0,"comment_status":"closed","ping_status":"closed","template":"","meta":{"footnotes":""},"class_list":["post-68","page","type-page","status-publish","hentry"],"_links":{"self":[{"href":"http:\/\/kamar-cnc.pl\/index.php?rest_route=\/wp\/v2\/pages\/68","targetHints":{"allow":["GET"]}}],"collection":[{"href":"http:\/\/kamar-cnc.pl\/index.php?rest_route=\/wp\/v2\/pages"}],"about":[{"href":"http:\/\/kamar-cnc.pl\/index.php?rest_route=\/wp\/v2\/types\/page"}],"author":[{"embeddable":true,"href":"http:\/\/kamar-cnc.pl\/index.php?rest_route=\/wp\/v2\/users\/2"}],"replies":[{"embeddable":true,"href":"http:\/\/kamar-cnc.pl\/index.php?rest_route=%2Fwp%2Fv2%2Fcomments&post=68"}],"version-history":[{"count":9,"href":"http:\/\/kamar-cnc.pl\/index.php?rest_route=\/wp\/v2\/pages\/68\/revisions"}],"predecessor-version":[{"id":76,"href":"http:\/\/kamar-cnc.pl\/index.php?rest_route=\/wp\/v2\/pages\/68\/revisions\/76"}],"wp:attachment":[{"href":"http:\/\/kamar-cnc.pl\/index.php?rest_route=%2Fwp%2Fv2%2Fmedia&parent=68"}],"curies":[{"name":"wp","href":"https:\/\/api.w.org\/{rel}","templated":true}]}}