{"id":620,"date":"2012-12-14T21:49:54","date_gmt":"2012-12-14T20:49:54","guid":{"rendered":"http:\/\/kamar-cnc.pl\/?page_id=620"},"modified":"2013-11-07T05:13:19","modified_gmt":"2013-11-07T04:13:19","slug":"tokarka","status":"publish","type":"page","link":"http:\/\/kamar-cnc.pl\/?page_id=620","title":{"rendered":"tokarka"},"content":{"rendered":"<p><a href=\"http:\/\/kamar-cnc.pl\/wp-content\/uploads\/2012\/12\/zew.ngc\">Czop zewn\u0119trzny<\/a><br \/>\n<a href=\"http:\/\/kamar-cnc.pl\/wp-content\/uploads\/2012\/12\/1.png\" target=\"_blank\"><img loading=\"lazy\" decoding=\"async\" class=\"wp-image-186 \" style=\"margin: 0px; border: 0px currentColor;\" title=\"1\" src=\"http:\/\/kamar-cnc.pl\/wp-content\/uploads\/2012\/12\/1-300x216.png\" alt=\"\" width=\"216\" height=\"156\" srcset=\"http:\/\/kamar-cnc.pl\/wp-content\/uploads\/2012\/12\/1-300x216.png 300w, http:\/\/kamar-cnc.pl\/wp-content\/uploads\/2012\/12\/1-1024x739.png 1024w, http:\/\/kamar-cnc.pl\/wp-content\/uploads\/2012\/12\/1-415x300.png 415w, http:\/\/kamar-cnc.pl\/wp-content\/uploads\/2012\/12\/1.png 1280w\" sizes=\"auto, (max-width: 216px) 100vw, 216px\" \/><\/a> <a href=\"http:\/\/kamar-cnc.pl\/wp-content\/uploads\/2012\/12\/11.png\" target=\"_blank\"><img loading=\"lazy\" decoding=\"async\" class=\"wp-image-198 alignright\" style=\"margin: 0px; border: 0px currentColor;\" title=\"operacja\" src=\"http:\/\/kamar-cnc.pl\/wp-content\/uploads\/2012\/12\/11-300x216.png\" alt=\"\" width=\"216\" height=\"156\" srcset=\"http:\/\/kamar-cnc.pl\/wp-content\/uploads\/2012\/12\/11-300x216.png 300w, http:\/\/kamar-cnc.pl\/wp-content\/uploads\/2012\/12\/11-1024x739.png 1024w, http:\/\/kamar-cnc.pl\/wp-content\/uploads\/2012\/12\/11-415x300.png 415w, http:\/\/kamar-cnc.pl\/wp-content\/uploads\/2012\/12\/11.png 1280w\" sizes=\"auto, (max-width: 216px) 100vw, 216px\" \/><\/a><br \/>\n<a href=\"http:\/\/kamar-cnc.pl\/wp-content\/uploads\/2012\/12\/stozek.ngc\">Sto\u017cek<\/a><br \/>\n<a href=\"http:\/\/kamar-cnc.pl\/wp-content\/uploads\/2012\/12\/s1.png\"><img loading=\"lazy\" decoding=\"async\" class=\"size-medium wp-image-817 alignnone\" title=\"s1\" src=\"http:\/\/kamar-cnc.pl\/wp-content\/uploads\/2012\/12\/s1-300x216.png\" alt=\"\" width=\"216\" height=\"156\" srcset=\"http:\/\/kamar-cnc.pl\/wp-content\/uploads\/2012\/12\/s1-300x216.png 300w, http:\/\/kamar-cnc.pl\/wp-content\/uploads\/2012\/12\/s1-1024x739.png 1024w, http:\/\/kamar-cnc.pl\/wp-content\/uploads\/2012\/12\/s1-415x300.png 415w, http:\/\/kamar-cnc.pl\/wp-content\/uploads\/2012\/12\/s1.png 1280w\" sizes=\"auto, (max-width: 216px) 100vw, 216px\" \/><\/a><a href=\"http:\/\/kamar-cnc.pl\/wp-content\/uploads\/2012\/12\/s2.png\"><img loading=\"lazy\" decoding=\"async\" class=\"size-medium wp-image-820 alignright\" title=\"s2\" src=\"http:\/\/kamar-cnc.pl\/wp-content\/uploads\/2012\/12\/s2-300x216.png\" alt=\"\" width=\"216\" height=\"156\" srcset=\"http:\/\/kamar-cnc.pl\/wp-content\/uploads\/2012\/12\/s2-300x216.png 300w, http:\/\/kamar-cnc.pl\/wp-content\/uploads\/2012\/12\/s2-1024x739.png 1024w, http:\/\/kamar-cnc.pl\/wp-content\/uploads\/2012\/12\/s2-415x300.png 415w, http:\/\/kamar-cnc.pl\/wp-content\/uploads\/2012\/12\/s2.png 1280w\" sizes=\"auto, (max-width: 216px) 100vw, 216px\" \/><\/a><br \/>\n<a href=\"http:\/\/kamar-cnc.pl\/wp-content\/uploads\/2012\/12\/kula.ngc\">Kula<\/a><br \/>\n<a href=\"http:\/\/kamar-cnc.pl\/wp-content\/uploads\/2012\/12\/pkuli.png\" target=\"_blank\"><img loading=\"lazy\" decoding=\"async\" class=\"wp-image-658 alignright\" title=\"pkuli\" src=\"http:\/\/kamar-cnc.pl\/wp-content\/uploads\/2012\/12\/pkuli-300x216.png\" alt=\"\" width=\"216\" height=\"156\" srcset=\"http:\/\/kamar-cnc.pl\/wp-content\/uploads\/2012\/12\/pkuli-300x216.png 300w, http:\/\/kamar-cnc.pl\/wp-content\/uploads\/2012\/12\/pkuli-1024x739.png 1024w, http:\/\/kamar-cnc.pl\/wp-content\/uploads\/2012\/12\/pkuli-415x300.png 415w, http:\/\/kamar-cnc.pl\/wp-content\/uploads\/2012\/12\/pkuli.png 1280w\" sizes=\"auto, (max-width: 216px) 100vw, 216px\" \/><\/a><a href=\"http:\/\/kamar-cnc.pl\/wp-content\/uploads\/2012\/12\/tkuli.png\"><img loading=\"lazy\" decoding=\"async\" class=\"wp-image-657 alignnone\" title=\"tkuli\" src=\"http:\/\/kamar-cnc.pl\/wp-content\/uploads\/2012\/12\/tkuli-300x216.png\" alt=\"\" width=\"216\" height=\"156\" srcset=\"http:\/\/kamar-cnc.pl\/wp-content\/uploads\/2012\/12\/tkuli-300x216.png 300w, http:\/\/kamar-cnc.pl\/wp-content\/uploads\/2012\/12\/tkuli-1024x739.png 1024w, http:\/\/kamar-cnc.pl\/wp-content\/uploads\/2012\/12\/tkuli-415x300.png 415w, http:\/\/kamar-cnc.pl\/wp-content\/uploads\/2012\/12\/tkuli.png 1280w\" sizes=\"auto, (max-width: 216px) 100vw, 216px\" \/><\/a><br \/>\n<a href=\"http:\/\/kamar-cnc.pl\/wp-content\/uploads\/2012\/12\/gwint.ngc\">Gwint<\/a><br \/>\n<a href=\"http:\/\/kamar-cnc.pl\/wp-content\/uploads\/2012\/12\/g2.png\"><img loading=\"lazy\" decoding=\"async\" class=\"alignright size-medium wp-image-794\" title=\"g2\" src=\"http:\/\/kamar-cnc.pl\/wp-content\/uploads\/2012\/12\/g2-300x216.png\" alt=\"\" width=\"216\" height=\"156\" srcset=\"http:\/\/kamar-cnc.pl\/wp-content\/uploads\/2012\/12\/g2-300x216.png 300w, http:\/\/kamar-cnc.pl\/wp-content\/uploads\/2012\/12\/g2-1024x739.png 1024w, http:\/\/kamar-cnc.pl\/wp-content\/uploads\/2012\/12\/g2-415x300.png 415w, http:\/\/kamar-cnc.pl\/wp-content\/uploads\/2012\/12\/g2.png 1280w\" sizes=\"auto, (max-width: 216px) 100vw, 216px\" \/><\/a><a href=\"http:\/\/kamar-cnc.pl\/wp-content\/uploads\/2012\/12\/g1.png\"><img loading=\"lazy\" decoding=\"async\" class=\"size-medium wp-image-793 alignnone\" title=\"g1\" src=\"http:\/\/kamar-cnc.pl\/wp-content\/uploads\/2012\/12\/g1-300x216.png\" alt=\"\" width=\"216\" height=\"156\" srcset=\"http:\/\/kamar-cnc.pl\/wp-content\/uploads\/2012\/12\/g1-300x216.png 300w, http:\/\/kamar-cnc.pl\/wp-content\/uploads\/2012\/12\/g1-1024x739.png 1024w, http:\/\/kamar-cnc.pl\/wp-content\/uploads\/2012\/12\/g1-415x300.png 415w, http:\/\/kamar-cnc.pl\/wp-content\/uploads\/2012\/12\/g1.png 1280w\" sizes=\"auto, (max-width: 216px) 100vw, 216px\" \/><\/a><br \/>\n<a href=\"http:\/\/kamar-cnc.pl\/wp-content\/uploads\/2012\/12\/barylki.ngc\">Bary\u0142ka<\/a><br \/>\n<a href=\"http:\/\/kamar-cnc.pl\/wp-content\/uploads\/2012\/12\/b1.png\" target=\"_blank\"><img loading=\"lazy\" decoding=\"async\" class=\"wp-image-831 alignnone\" title=\"b1\" src=\"http:\/\/kamar-cnc.pl\/wp-content\/uploads\/2012\/12\/b1-300x216.png\" alt=\"\" width=\"216\" height=\"156\" srcset=\"http:\/\/kamar-cnc.pl\/wp-content\/uploads\/2012\/12\/b1-300x216.png 300w, http:\/\/kamar-cnc.pl\/wp-content\/uploads\/2012\/12\/b1-1024x739.png 1024w, http:\/\/kamar-cnc.pl\/wp-content\/uploads\/2012\/12\/b1-415x300.png 415w, http:\/\/kamar-cnc.pl\/wp-content\/uploads\/2012\/12\/b1.png 1280w\" sizes=\"auto, (max-width: 216px) 100vw, 216px\" \/><\/a><a href=\"http:\/\/kamar-cnc.pl\/wp-content\/uploads\/2012\/12\/b2.png\" target=\"_blank\"><img loading=\"lazy\" decoding=\"async\" class=\"wp-image-832 alignright\" title=\"b2\" src=\"http:\/\/kamar-cnc.pl\/wp-content\/uploads\/2012\/12\/b2-300x216.png\" alt=\"\" width=\"216\" height=\"156\" srcset=\"http:\/\/kamar-cnc.pl\/wp-content\/uploads\/2012\/12\/b2-300x216.png 300w, http:\/\/kamar-cnc.pl\/wp-content\/uploads\/2012\/12\/b2-1024x739.png 1024w, http:\/\/kamar-cnc.pl\/wp-content\/uploads\/2012\/12\/b2-415x300.png 415w, http:\/\/kamar-cnc.pl\/wp-content\/uploads\/2012\/12\/b2.png 1280w\" sizes=\"auto, (max-width: 216px) 100vw, 216px\" \/><\/a><br \/>\n<a href=\"http:\/\/kamar-cnc.pl\/wp-content\/uploads\/2012\/12\/czolo.ngc\">Czo\u0142o<\/a><br \/>\n<a href=\"http:\/\/kamar-cnc.pl\/wp-content\/uploads\/2012\/12\/c2.png\" target=\"_blank\"><img loading=\"lazy\" decoding=\"async\" class=\"wp-image-830 alignright\" title=\"c2\" src=\"http:\/\/kamar-cnc.pl\/wp-content\/uploads\/2012\/12\/c2-300x216.png\" alt=\"\" width=\"216\" height=\"156\" srcset=\"http:\/\/kamar-cnc.pl\/wp-content\/uploads\/2012\/12\/c2-300x216.png 300w, http:\/\/kamar-cnc.pl\/wp-content\/uploads\/2012\/12\/c2-1024x739.png 1024w, http:\/\/kamar-cnc.pl\/wp-content\/uploads\/2012\/12\/c2-415x300.png 415w, http:\/\/kamar-cnc.pl\/wp-content\/uploads\/2012\/12\/c2.png 1280w\" sizes=\"auto, (max-width: 216px) 100vw, 216px\" \/><\/a><a href=\"http:\/\/kamar-cnc.pl\/wp-content\/uploads\/2012\/12\/c1.png\" target=\"_blank\"><img loading=\"lazy\" decoding=\"async\" class=\"wp-image-829 alignnone\" title=\"c1\" src=\"http:\/\/kamar-cnc.pl\/wp-content\/uploads\/2012\/12\/c1-300x216.png\" alt=\"\" width=\"216\" height=\"156\" srcset=\"http:\/\/kamar-cnc.pl\/wp-content\/uploads\/2012\/12\/c1-300x216.png 300w, http:\/\/kamar-cnc.pl\/wp-content\/uploads\/2012\/12\/c1-1024x739.png 1024w, http:\/\/kamar-cnc.pl\/wp-content\/uploads\/2012\/12\/c1-415x300.png 415w, http:\/\/kamar-cnc.pl\/wp-content\/uploads\/2012\/12\/c1.png 1280w\" sizes=\"auto, (max-width: 216px) 100vw, 216px\" \/><\/a><br \/>\n<a href=\"http:\/\/kamar-cnc.pl\/wp-content\/uploads\/2012\/12\/wew.ngc\">Toczenie wewn\u0119trzne<\/a><br \/>\n<a href=\"http:\/\/kamar-cnc.pl\/wp-content\/uploads\/2012\/12\/w2.png\" target=\"_blank\"><img loading=\"lazy\" decoding=\"async\" class=\" wp-image-828 alignright\" title=\"w2\" src=\"http:\/\/kamar-cnc.pl\/wp-content\/uploads\/2012\/12\/w2-300x216.png\" alt=\"\" width=\"216\" height=\"156\" srcset=\"http:\/\/kamar-cnc.pl\/wp-content\/uploads\/2012\/12\/w2-300x216.png 300w, http:\/\/kamar-cnc.pl\/wp-content\/uploads\/2012\/12\/w2-1024x739.png 1024w, http:\/\/kamar-cnc.pl\/wp-content\/uploads\/2012\/12\/w2-415x300.png 415w, http:\/\/kamar-cnc.pl\/wp-content\/uploads\/2012\/12\/w2.png 1280w\" sizes=\"auto, (max-width: 216px) 100vw, 216px\" \/><\/a><a href=\"http:\/\/kamar-cnc.pl\/wp-content\/uploads\/2012\/12\/w1.png\" target=\"_blank\"><img loading=\"lazy\" decoding=\"async\" class=\"wp-image-827 alignleft\" title=\"w1\" src=\"http:\/\/kamar-cnc.pl\/wp-content\/uploads\/2012\/12\/w1-300x216.png\" alt=\"\" width=\"216\" height=\"156\" srcset=\"http:\/\/kamar-cnc.pl\/wp-content\/uploads\/2012\/12\/w1-300x216.png 300w, http:\/\/kamar-cnc.pl\/wp-content\/uploads\/2012\/12\/w1-1024x739.png 1024w, http:\/\/kamar-cnc.pl\/wp-content\/uploads\/2012\/12\/w1-415x300.png 415w, http:\/\/kamar-cnc.pl\/wp-content\/uploads\/2012\/12\/w1.png 1280w\" sizes=\"auto, (max-width: 216px) 100vw, 216px\" \/><\/a><\/p>\n","protected":false},"excerpt":{"rendered":"<p>Czop zewn\u0119trzny Sto\u017cek Kula Gwint Bary\u0142ka Czo\u0142o Toczenie wewn\u0119trzne<\/p>\n","protected":false},"author":3,"featured_media":0,"parent":169,"menu_order":0,"comment_status":"closed","ping_status":"closed","template":"","meta":{"footnotes":""},"class_list":["post-620","page","type-page","status-publish","hentry"],"_links":{"self":[{"href":"http:\/\/kamar-cnc.pl\/index.php?rest_route=\/wp\/v2\/pages\/620","targetHints":{"allow":["GET"]}}],"collection":[{"href":"http:\/\/kamar-cnc.pl\/index.php?rest_route=\/wp\/v2\/pages"}],"about":[{"href":"http:\/\/kamar-cnc.pl\/index.php?rest_route=\/wp\/v2\/types\/page"}],"author":[{"embeddable":true,"href":"http:\/\/kamar-cnc.pl\/index.php?rest_route=\/wp\/v2\/users\/3"}],"replies":[{"embeddable":true,"href":"http:\/\/kamar-cnc.pl\/index.php?rest_route=%2Fwp%2Fv2%2Fcomments&post=620"}],"version-history":[{"count":77,"href":"http:\/\/kamar-cnc.pl\/index.php?rest_route=\/wp\/v2\/pages\/620\/revisions"}],"predecessor-version":[{"id":623,"href":"http:\/\/kamar-cnc.pl\/index.php?rest_route=\/wp\/v2\/pages\/620\/revisions\/623"}],"up":[{"embeddable":true,"href":"http:\/\/kamar-cnc.pl\/index.php?rest_route=\/wp\/v2\/pages\/169"}],"wp:attachment":[{"href":"http:\/\/kamar-cnc.pl\/index.php?rest_route=%2Fwp%2Fv2%2Fmedia&parent=620"}],"curies":[{"name":"wp","href":"https:\/\/api.w.org\/{rel}","templated":true}]}}