{"id":169,"date":"2012-12-10T18:14:49","date_gmt":"2012-12-10T17:14:49","guid":{"rendered":"http:\/\/kamar-cnc.pl\/?page_id=169"},"modified":"2013-01-06T13:36:00","modified_gmt":"2013-01-06T12:36:00","slug":"suby-ngcgui","status":"publish","type":"page","link":"http:\/\/kamar-cnc.pl\/?page_id=169","title":{"rendered":"Suby NGCGUI"},"content":{"rendered":"<p>W tym dziale wystawiamy suby NGCGUI\u00a0i inne programy LinuxCNC\u00a0pisane i\u00a0u\u017cywane\u00a0przez nas.\u00a0Zalecamy ostro\u017cne ew. stosowanie gdy\u017c s\u0105 ci\u0105gle modyfikowane i na konkretnej maszynie mog\u0105 by\u0107 nieprzewidywalne \ud83d\ude42<\/p>\n<p><a href=\"http:\/\/kamar-cnc.pl\/?page_id=620\">tokarka<\/a>\u00a0\u00a0\u00a0\u00a0\u00a0\u00a0\u00a0\u00a0\u00a0\u00a0\u00a0\u00a0\u00a0\u00a0\u00a0\u00a0\u00a0\u00a0\u00a0\u00a0\u00a0\u00a0\u00a0\u00a0\u00a0\u00a0\u00a0\u00a0\u00a0\u00a0\u00a0\u00a0<a href=\"http:\/\/kamar-cnc.pl\/?page_id=277\">ciekawsze roboty z wykorzystaniem NGCGUI<\/a><br \/>\n<a href=\"http:\/\/kamar-cnc.pl\/?page_id=217\">Frezarka<\/a> &#8230;&#8230;&#8230;&#8230;&#8230;&#8230;&#8230;&#8230;&#8230;&#8230;.<a href=\"http:\/\/kamar-cnc.pl\/?page_id=955\">Pytania i komentarze<\/a><\/p>\n","protected":false},"excerpt":{"rendered":"<p>W tym dziale wystawiamy suby NGCGUI\u00a0i inne programy LinuxCNC\u00a0pisane i\u00a0u\u017cywane\u00a0przez nas.\u00a0Zalecamy ostro\u017cne ew. stosowanie gdy\u017c s\u0105 ci\u0105gle modyfikowane i na konkretnej maszynie mog\u0105 by\u0107 nieprzewidywalne \ud83d\ude42 tokarka\u00a0\u00a0\u00a0\u00a0\u00a0\u00a0\u00a0\u00a0\u00a0\u00a0\u00a0\u00a0\u00a0\u00a0\u00a0\u00a0\u00a0\u00a0\u00a0\u00a0\u00a0\u00a0\u00a0\u00a0\u00a0\u00a0\u00a0\u00a0\u00a0\u00a0\u00a0\u00a0ciekawsze roboty z wykorzystaniem NGCGUI Frezarka &#8230;&#8230;&#8230;&#8230;&#8230;&#8230;&#8230;&#8230;&#8230;&#8230;.Pytania i komentarze<\/p>\n","protected":false},"author":2,"featured_media":0,"parent":68,"menu_order":0,"comment_status":"closed","ping_status":"closed","template":"","meta":{"footnotes":""},"class_list":["post-169","page","type-page","status-publish","hentry"],"_links":{"self":[{"href":"http:\/\/kamar-cnc.pl\/index.php?rest_route=\/wp\/v2\/pages\/169","targetHints":{"allow":["GET"]}}],"collection":[{"href":"http:\/\/kamar-cnc.pl\/index.php?rest_route=\/wp\/v2\/pages"}],"about":[{"href":"http:\/\/kamar-cnc.pl\/index.php?rest_route=\/wp\/v2\/types\/page"}],"author":[{"embeddable":true,"href":"http:\/\/kamar-cnc.pl\/index.php?rest_route=\/wp\/v2\/users\/2"}],"replies":[{"embeddable":true,"href":"http:\/\/kamar-cnc.pl\/index.php?rest_route=%2Fwp%2Fv2%2Fcomments&post=169"}],"version-history":[{"count":28,"href":"http:\/\/kamar-cnc.pl\/index.php?rest_route=\/wp\/v2\/pages\/169\/revisions"}],"predecessor-version":[{"id":179,"href":"http:\/\/kamar-cnc.pl\/index.php?rest_route=\/wp\/v2\/pages\/169\/revisions\/179"}],"up":[{"embeddable":true,"href":"http:\/\/kamar-cnc.pl\/index.php?rest_route=\/wp\/v2\/pages\/68"}],"wp:attachment":[{"href":"http:\/\/kamar-cnc.pl\/index.php?rest_route=%2Fwp%2Fv2%2Fmedia&parent=169"}],"curies":[{"name":"wp","href":"https:\/\/api.w.org\/{rel}","templated":true}]}}